{"id":20,"date":"2024-10-21T19:57:16","date_gmt":"2024-10-21T17:57:16","guid":{"rendered":"https:\/\/www.irpcservis.sk\/richardWP\/?page_id=20"},"modified":"2025-02-23T21:54:42","modified_gmt":"2025-02-23T20:54:42","slug":"co-robime","status":"publish","type":"page","link":"https:\/\/www.irpcservis.sk\/index.php\/co-robime\/","title":{"rendered":"\u010co rob\u00edme"},"content":{"rendered":"\n<p><\/p>\n\n\n\n<h2 class=\"wp-block-heading has-text-align-center\"><strong>i.R.PC-Servis<\/strong><\/h2>\n\n\n\n<figure class=\"wp-block-image size-large\"><img loading=\"lazy\" decoding=\"async\" width=\"1024\" height=\"599\" src=\"https:\/\/www.irpcservis.sk\/wp-content\/uploads\/2025\/02\/irpc_servis_co_robime-1024x599.jpg\" alt=\"\" class=\"wp-image-152\" srcset=\"https:\/\/www.irpcservis.sk\/wp-content\/uploads\/2025\/02\/irpc_servis_co_robime-1024x599.jpg 1024w, https:\/\/www.irpcservis.sk\/wp-content\/uploads\/2025\/02\/irpc_servis_co_robime-300x176.jpg 300w, https:\/\/www.irpcservis.sk\/wp-content\/uploads\/2025\/02\/irpc_servis_co_robime-768x449.jpg 768w, https:\/\/www.irpcservis.sk\/wp-content\/uploads\/2025\/02\/irpc_servis_co_robime-1536x899.jpg 1536w, https:\/\/www.irpcservis.sk\/wp-content\/uploads\/2025\/02\/irpc_servis_co_robime-2048x1199.jpg 2048w\" sizes=\"auto, (max-width: 1024px) 100vw, 1024px\" \/><figcaption class=\"wp-element-caption\"><em><sub>Image: iRPC-Servis<\/sub><\/em><\/figcaption><\/figure>\n\n\n\n<p><\/p>\n\n\n\n<h3 class=\"wp-block-heading\"><strong>Nie\u010do o n\u00e1s<\/strong><\/h3>\n\n\n\n<p>Sme mal\u00e1 firma ktor\u00e1 bola zalo\u017een\u00e1 v roku 2014. Venujeme sa \u0161irok\u00e9mu portf\u00f3liu IT slu\u017eieb, predaju hardware a software rie\u0161en\u00ed. Staviame PC na mieru a pom\u00e1hame z\u00e1kazn\u00edkom so servisom v\u00fdpo\u010dtovej techniky. <\/p>\n\n\n\n<p><\/p>\n\n\n\n<p>Sem tam p\u00ed\u0161eme blog \ud83d\ude42<\/p>\n\n\n\n<div class=\"wp-block-buttons is-layout-flex wp-block-buttons-is-layout-flex\">\n<div class=\"wp-block-button\"><a class=\"wp-block-button__link wp-element-button\" href=\"https:\/\/www.irpcservis.sk\/index.php\/blog\/\">BLOG<\/a><\/div>\n<\/div>\n\n\n\n<p><\/p>\n\n\n\n<h3 class=\"wp-block-heading\"><strong>Faktura\u010dn\u00e9 \u00fadaje<\/strong><\/h3>\n\n\n\n<div class=\"wp-block-group alignfull\"><div class=\"wp-block-group__inner-container is-layout-constrained wp-block-group-is-layout-constrained\">\n<p><strong>iRPC-Servis, s. r. o.<\/strong><\/p>\n\n\n\n<p>Dole\u017ealova 3424\/15C<\/p>\n\n\n\n<p>821 04 Bratislava<\/p>\n\n\n\n<p>I\u010cO: 56587414<\/p>\n\n\n\n<p>I\u010c DPH: SK2122356544<\/p>\n\n\n\n<p>Obchodn\u00fd register Mestsk\u00e9ho s\u00fadu Bratislava III, oddiel: Sro, vlo\u017eka \u010d. 182399\/B<\/p>\n<\/div><\/div>\n\n\n\n<p><\/p>\n","protected":false},"excerpt":{"rendered":"<p>i.R.PC-Servis Nie\u010do o n\u00e1s Sme mal\u00e1 firma ktor\u00e1 bola zalo\u017een\u00e1 v roku 2014. Venujeme sa \u0161irok\u00e9mu portf\u00f3liu IT slu\u017eieb, predaju hardware a software rie\u0161en\u00ed. Staviame PC na mieru a pom\u00e1hame z\u00e1kazn\u00edkom so servisom v\u00fdpo\u010dtovej techniky. Sem tam p\u00ed\u0161eme blog \ud83d\ude42 Faktura\u010dn\u00e9 \u00fadaje iRPC-Servis, s. r. o. Dole\u017ealova 3424\/15C 821 04 Bratislava I\u010cO: 56587414 I\u010c DPH: &#8230; <a title=\"\u010co rob\u00edme\" class=\"read-more\" href=\"https:\/\/www.irpcservis.sk\/index.php\/co-robime\/\" aria-label=\"Pre\u010d\u00edtajte si viac o \u010co rob\u00edme\">\u010c\u00edta\u0165 viac<\/a><\/p>\n","protected":false},"author":1,"featured_media":0,"parent":0,"menu_order":0,"comment_status":"closed","ping_status":"closed","template":"","meta":{"footnotes":""},"class_list":["post-20","page","type-page","status-publish"],"yoast_head":"<!-- This site is optimized with the Yoast SEO plugin v26.9 - https:\/\/yoast.com\/product\/yoast-seo-wordpress\/ -->\n<title>IT rie\u0161enia a servis po\u010d\u00edta\u010dov<\/title>\n<meta name=\"description\" content=\"F\u00e9rov\u00e1 spolo\u010dnos\u0165 a v\u00e1\u0161 partner v IT slu\u017eb\u00e1ch.\" \/>\n<meta name=\"robots\" content=\"index, follow, max-snippet:-1, max-image-preview:large, max-video-preview:-1\" \/>\n<link rel=\"canonical\" href=\"https:\/\/www.irpcservis.sk\/index.php\/co-robime\/\" \/>\n<meta property=\"og:locale\" content=\"sk_SK\" \/>\n<meta property=\"og:type\" content=\"article\" \/>\n<meta property=\"og:title\" content=\"IT rie\u0161enia a servis po\u010d\u00edta\u010dov\" \/>\n<meta property=\"og:description\" content=\"F\u00e9rov\u00e1 spolo\u010dnos\u0165 a v\u00e1\u0161 partner v IT slu\u017eb\u00e1ch.\" \/>\n<meta property=\"og:url\" content=\"https:\/\/www.irpcservis.sk\/index.php\/co-robime\/\" \/>\n<meta property=\"og:site_name\" content=\"iRPC-Servis | Robime IT a servis vypoctovej techniky\" \/>\n<meta property=\"article:publisher\" content=\"https:\/\/www.facebook.com\/irpc.servis?ref=aymt_homepage_panel\" \/>\n<meta property=\"article:modified_time\" content=\"2025-02-23T20:54:42+00:00\" \/>\n<meta property=\"og:image\" content=\"https:\/\/www.irpcservis.sk\/wp-content\/uploads\/2025\/02\/irpc_servis_co_robime-scaled.jpg\" \/>\n\t<meta property=\"og:image:width\" content=\"2560\" \/>\n\t<meta property=\"og:image:height\" content=\"1498\" \/>\n\t<meta property=\"og:image:type\" content=\"image\/jpeg\" \/>\n<meta name=\"twitter:card\" content=\"summary_large_image\" \/>\n<meta name=\"twitter:label1\" content=\"Predpokladan\u00fd \u010das \u010d\u00edtania\" \/>\n\t<meta name=\"twitter:data1\" content=\"1 min\u00fata\" \/>\n<script type=\"application\/ld+json\" class=\"yoast-schema-graph\">{\"@context\":\"https:\/\/schema.org\",\"@graph\":[{\"@type\":\"WebPage\",\"@id\":\"https:\/\/www.irpcservis.sk\/index.php\/co-robime\/\",\"url\":\"https:\/\/www.irpcservis.sk\/index.php\/co-robime\/\",\"name\":\"IT rie\u0161enia a servis po\u010d\u00edta\u010dov\",\"isPartOf\":{\"@id\":\"https:\/\/www.irpcservis.sk\/#website\"},\"primaryImageOfPage\":{\"@id\":\"https:\/\/www.irpcservis.sk\/index.php\/co-robime\/#primaryimage\"},\"image\":{\"@id\":\"https:\/\/www.irpcservis.sk\/index.php\/co-robime\/#primaryimage\"},\"thumbnailUrl\":\"https:\/\/www.irpcservis.sk\/wp-content\/uploads\/2025\/02\/irpc_servis_co_robime-1024x599.jpg\",\"datePublished\":\"2024-10-21T17:57:16+00:00\",\"dateModified\":\"2025-02-23T20:54:42+00:00\",\"description\":\"F\u00e9rov\u00e1 spolo\u010dnos\u0165 a v\u00e1\u0161 partner v IT slu\u017eb\u00e1ch.\",\"breadcrumb\":{\"@id\":\"https:\/\/www.irpcservis.sk\/index.php\/co-robime\/#breadcrumb\"},\"inLanguage\":\"sk-SK\",\"potentialAction\":[{\"@type\":\"ReadAction\",\"target\":[\"https:\/\/www.irpcservis.sk\/index.php\/co-robime\/\"]}]},{\"@type\":\"ImageObject\",\"inLanguage\":\"sk-SK\",\"@id\":\"https:\/\/www.irpcservis.sk\/index.php\/co-robime\/#primaryimage\",\"url\":\"https:\/\/www.irpcservis.sk\/wp-content\/uploads\/2025\/02\/irpc_servis_co_robime-scaled.jpg\",\"contentUrl\":\"https:\/\/www.irpcservis.sk\/wp-content\/uploads\/2025\/02\/irpc_servis_co_robime-scaled.jpg\",\"width\":2560,\"height\":1498},{\"@type\":\"BreadcrumbList\",\"@id\":\"https:\/\/www.irpcservis.sk\/index.php\/co-robime\/#breadcrumb\",\"itemListElement\":[{\"@type\":\"ListItem\",\"position\":1,\"name\":\"Home\",\"item\":\"https:\/\/www.irpcservis.sk\/\"},{\"@type\":\"ListItem\",\"position\":2,\"name\":\"\u010co rob\u00edme\"}]},{\"@type\":\"WebSite\",\"@id\":\"https:\/\/www.irpcservis.sk\/#website\",\"url\":\"https:\/\/www.irpcservis.sk\/\",\"name\":\"iRPC-Servis | Robime IT a servis vypoctovej techniky\",\"description\":\"Bav\u00ed n\u00e1s IT\",\"publisher\":{\"@id\":\"https:\/\/www.irpcservis.sk\/#organization\"},\"alternateName\":\"iRPC-Servis | Robime IT a servis vypoctovej techniky\",\"potentialAction\":[{\"@type\":\"SearchAction\",\"target\":{\"@type\":\"EntryPoint\",\"urlTemplate\":\"https:\/\/www.irpcservis.sk\/?s={search_term_string}\"},\"query-input\":{\"@type\":\"PropertyValueSpecification\",\"valueRequired\":true,\"valueName\":\"search_term_string\"}}],\"inLanguage\":\"sk-SK\"},{\"@type\":\"Organization\",\"@id\":\"https:\/\/www.irpcservis.sk\/#organization\",\"name\":\"iRPC-Servis | Robime IT a servis vypoctovej techniky\",\"alternateName\":\"iRPC-Servis | Robime IT a servis vypoctovej techniky\",\"url\":\"https:\/\/www.irpcservis.sk\/\",\"logo\":{\"@type\":\"ImageObject\",\"inLanguage\":\"sk-SK\",\"@id\":\"https:\/\/www.irpcservis.sk\/#\/schema\/logo\/image\/\",\"url\":\"https:\/\/www.irpcservis.sk\/wp-content\/uploads\/2024\/10\/cropped-irpcservis-\u2013-google-profilovka.png\",\"contentUrl\":\"https:\/\/www.irpcservis.sk\/wp-content\/uploads\/2024\/10\/cropped-irpcservis-\u2013-google-profilovka.png\",\"width\":250,\"height\":143,\"caption\":\"iRPC-Servis | Robime IT a servis vypoctovej techniky\"},\"image\":{\"@id\":\"https:\/\/www.irpcservis.sk\/#\/schema\/logo\/image\/\"},\"sameAs\":[\"https:\/\/www.facebook.com\/irpc.servis?ref=aymt_homepage_panel\",\"https:\/\/www.instagram.com\/i.r.pc\/\",\"https:\/\/maps.app.goo.gl\/fWUH1TbTjopig5C46\"]}]}<\/script>\n<!-- \/ Yoast SEO plugin. -->","yoast_head_json":{"title":"IT rie\u0161enia a servis po\u010d\u00edta\u010dov","description":"F\u00e9rov\u00e1 spolo\u010dnos\u0165 a v\u00e1\u0161 partner v IT slu\u017eb\u00e1ch.","robots":{"index":"index","follow":"follow","max-snippet":"max-snippet:-1","max-image-preview":"max-image-preview:large","max-video-preview":"max-video-preview:-1"},"canonical":"https:\/\/www.irpcservis.sk\/index.php\/co-robime\/","og_locale":"sk_SK","og_type":"article","og_title":"IT rie\u0161enia a servis po\u010d\u00edta\u010dov","og_description":"F\u00e9rov\u00e1 spolo\u010dnos\u0165 a v\u00e1\u0161 partner v IT slu\u017eb\u00e1ch.","og_url":"https:\/\/www.irpcservis.sk\/index.php\/co-robime\/","og_site_name":"iRPC-Servis | Robime IT a servis vypoctovej techniky","article_publisher":"https:\/\/www.facebook.com\/irpc.servis?ref=aymt_homepage_panel","article_modified_time":"2025-02-23T20:54:42+00:00","og_image":[{"width":2560,"height":1498,"url":"https:\/\/www.irpcservis.sk\/wp-content\/uploads\/2025\/02\/irpc_servis_co_robime-scaled.jpg","type":"image\/jpeg"}],"twitter_card":"summary_large_image","twitter_misc":{"Predpokladan\u00fd \u010das \u010d\u00edtania":"1 min\u00fata"},"schema":{"@context":"https:\/\/schema.org","@graph":[{"@type":"WebPage","@id":"https:\/\/www.irpcservis.sk\/index.php\/co-robime\/","url":"https:\/\/www.irpcservis.sk\/index.php\/co-robime\/","name":"IT rie\u0161enia a servis po\u010d\u00edta\u010dov","isPartOf":{"@id":"https:\/\/www.irpcservis.sk\/#website"},"primaryImageOfPage":{"@id":"https:\/\/www.irpcservis.sk\/index.php\/co-robime\/#primaryimage"},"image":{"@id":"https:\/\/www.irpcservis.sk\/index.php\/co-robime\/#primaryimage"},"thumbnailUrl":"https:\/\/www.irpcservis.sk\/wp-content\/uploads\/2025\/02\/irpc_servis_co_robime-1024x599.jpg","datePublished":"2024-10-21T17:57:16+00:00","dateModified":"2025-02-23T20:54:42+00:00","description":"F\u00e9rov\u00e1 spolo\u010dnos\u0165 a v\u00e1\u0161 partner v IT slu\u017eb\u00e1ch.","breadcrumb":{"@id":"https:\/\/www.irpcservis.sk\/index.php\/co-robime\/#breadcrumb"},"inLanguage":"sk-SK","potentialAction":[{"@type":"ReadAction","target":["https:\/\/www.irpcservis.sk\/index.php\/co-robime\/"]}]},{"@type":"ImageObject","inLanguage":"sk-SK","@id":"https:\/\/www.irpcservis.sk\/index.php\/co-robime\/#primaryimage","url":"https:\/\/www.irpcservis.sk\/wp-content\/uploads\/2025\/02\/irpc_servis_co_robime-scaled.jpg","contentUrl":"https:\/\/www.irpcservis.sk\/wp-content\/uploads\/2025\/02\/irpc_servis_co_robime-scaled.jpg","width":2560,"height":1498},{"@type":"BreadcrumbList","@id":"https:\/\/www.irpcservis.sk\/index.php\/co-robime\/#breadcrumb","itemListElement":[{"@type":"ListItem","position":1,"name":"Home","item":"https:\/\/www.irpcservis.sk\/"},{"@type":"ListItem","position":2,"name":"\u010co rob\u00edme"}]},{"@type":"WebSite","@id":"https:\/\/www.irpcservis.sk\/#website","url":"https:\/\/www.irpcservis.sk\/","name":"iRPC-Servis | Robime IT a servis vypoctovej techniky","description":"Bav\u00ed n\u00e1s IT","publisher":{"@id":"https:\/\/www.irpcservis.sk\/#organization"},"alternateName":"iRPC-Servis | Robime IT a servis vypoctovej techniky","potentialAction":[{"@type":"SearchAction","target":{"@type":"EntryPoint","urlTemplate":"https:\/\/www.irpcservis.sk\/?s={search_term_string}"},"query-input":{"@type":"PropertyValueSpecification","valueRequired":true,"valueName":"search_term_string"}}],"inLanguage":"sk-SK"},{"@type":"Organization","@id":"https:\/\/www.irpcservis.sk\/#organization","name":"iRPC-Servis | Robime IT a servis vypoctovej techniky","alternateName":"iRPC-Servis | Robime IT a servis vypoctovej techniky","url":"https:\/\/www.irpcservis.sk\/","logo":{"@type":"ImageObject","inLanguage":"sk-SK","@id":"https:\/\/www.irpcservis.sk\/#\/schema\/logo\/image\/","url":"https:\/\/www.irpcservis.sk\/wp-content\/uploads\/2024\/10\/cropped-irpcservis-\u2013-google-profilovka.png","contentUrl":"https:\/\/www.irpcservis.sk\/wp-content\/uploads\/2024\/10\/cropped-irpcservis-\u2013-google-profilovka.png","width":250,"height":143,"caption":"iRPC-Servis | Robime IT a servis vypoctovej techniky"},"image":{"@id":"https:\/\/www.irpcservis.sk\/#\/schema\/logo\/image\/"},"sameAs":["https:\/\/www.facebook.com\/irpc.servis?ref=aymt_homepage_panel","https:\/\/www.instagram.com\/i.r.pc\/","https:\/\/maps.app.goo.gl\/fWUH1TbTjopig5C46"]}]}},"_links":{"self":[{"href":"https:\/\/www.irpcservis.sk\/index.php\/wp-json\/wp\/v2\/pages\/20","targetHints":{"allow":["GET"]}}],"collection":[{"href":"https:\/\/www.irpcservis.sk\/index.php\/wp-json\/wp\/v2\/pages"}],"about":[{"href":"https:\/\/www.irpcservis.sk\/index.php\/wp-json\/wp\/v2\/types\/page"}],"author":[{"embeddable":true,"href":"https:\/\/www.irpcservis.sk\/index.php\/wp-json\/wp\/v2\/users\/1"}],"replies":[{"embeddable":true,"href":"https:\/\/www.irpcservis.sk\/index.php\/wp-json\/wp\/v2\/comments?post=20"}],"version-history":[{"count":5,"href":"https:\/\/www.irpcservis.sk\/index.php\/wp-json\/wp\/v2\/pages\/20\/revisions"}],"predecessor-version":[{"id":165,"href":"https:\/\/www.irpcservis.sk\/index.php\/wp-json\/wp\/v2\/pages\/20\/revisions\/165"}],"wp:attachment":[{"href":"https:\/\/www.irpcservis.sk\/index.php\/wp-json\/wp\/v2\/media?parent=20"}],"curies":[{"name":"wp","href":"https:\/\/api.w.org\/{rel}","templated":true}]}}